{"id":1142,"date":"2023-12-01T19:13:24","date_gmt":"2023-12-01T18:13:24","guid":{"rendered":"https:\/\/armandou.fr\/?page_id=1142"},"modified":"2026-01-30T14:34:23","modified_gmt":"2026-01-30T13:34:23","slug":"support-insert-bois-massif-sur-mesure-armandou-fr","status":"publish","type":"page","link":"https:\/\/armandou.fr\/index.php\/support-insert-bois-massif-sur-mesure-armandou-fr\/","title":{"rendered":"Supports &#038; Banquettes"},"content":{"rendered":"\n\n\t<h2>BANQUETTES ET BANCS<br \/>\nSupports Po\u00eales et Inserts<\/h2>\n\t\t\t\t<a href=\"https:\/\/armandou.fr\/wp-content\/uploads\/2024\/09\/20250329-9354594-Expo-Banquette-capture-hd1.jpg\"  target=\"_self\" itemprop=\"url\">\n\t\t\t\t<img decoding=\"async\" src=\"https:\/\/armandou.fr\/wp-content\/uploads\/2024\/09\/20250329-9354594-Expo-Banquette-capture-hd1.jpg\" alt=\"Support insert en bois massif et pierre pour po\u00eale central double face, fabrication sur mesure Banquette pour appareil double face Mod\u00e8le pr\u00e9sent\u00e9 : Largeur 140cm en Ch\u00eane, Hauteur 35cm, Profondeur 60 cm\" itemprop=\"image\" title=\"Double Face\" onerror=\"this.style.display='none'\" loading='lazy' \/>\n\t\t\t\t<\/a>\n\t\tMod\u00e8le Engrenage \u00e0 partir de 1990\u20ac TTC (banquette seule)\nBanquette pour appareil double face\nMod\u00e8le pr\u00e9sent\u00e9 :\nLargeur 140cm en Ch\u00eane, Hauteur 35cm, Profondeur 60 cm\n\t\t\t\t<a href=\"https:\/\/armandou.fr\/wp-content\/uploads\/2024\/08\/20240821-9354594-Expo-Banquette-capture-hd5.jpg\"  target=\"_self\" itemprop=\"url\">\n\t\t\t\t<img decoding=\"async\" src=\"https:\/\/armandou.fr\/wp-content\/uploads\/2024\/08\/20240821-9354594-Expo-Banquette-capture-hd5.jpg\" alt=\"Pi\u00e8tement support en ch\u00eane massif avec cerclage acier, supportant un po\u00eale design mural dans un salon moderne en brique et bois\" itemprop=\"image\" title=\"Conan\" onerror=\"this.style.display='none'\" loading='lazy' \/>\n\t\t\t\t<\/a>\n\t\tMod\u00e8le Conan \u00e0 partir de 1390\u20ac TTC (banquette seule)\nDimension Largeur Hauteur Profondeur sur mesure\nMod\u00e8le pr\u00e9sent\u00e9 Largeur 220cm, Hauteur30cm, Profondeur 42cm\nDouglas, poutre en 20x20cm lamell\u00e9 coll\u00e9\nPossible en ch\u00eane massif ou autre essence vieillie (selon arrivage)\nCerclage en acier\n\t\t\t\t<a href=\"https:\/\/armandou.fr\/wp-content\/uploads\/2024\/08\/20240821-9354594-Expo-Banquette-capture-hd.jpg\"  target=\"_self\" itemprop=\"url\">\n\t\t\t\t<img decoding=\"async\" src=\"https:\/\/armandou.fr\/wp-content\/uploads\/2024\/08\/20240821-9354594-Expo-Banquette-capture-hd.jpg\" alt=\"Support po\u00eale mod\u00e8le Prums en bois massif avec acier et rangements int\u00e9gr\u00e9s\" itemprop=\"image\" title=\"Prums\" onerror=\"this.style.display='none'\" loading='lazy' \/>\n\t\t\t\t<\/a>\n\t\tMod\u00e8le Prums \u00e0 partir 1790\u20ac TTC (banquette seule)\nCh\u00eane massif \u00e9paisseur 40mm (plateau)\nTiroir recouvert de t\u00f4le acier sur coulisse a glissi\u00e8re premium\nSupport acier d\u00e9coratif\n\t\t\t\t<a href=\"https:\/\/armandou.fr\/wp-content\/uploads\/2024\/08\/20240822-9354594-Expo-Banquette-capture-hd.jpg\"  target=\"_self\" itemprop=\"url\">\n\t\t\t\t<img decoding=\"async\" src=\"https:\/\/armandou.fr\/wp-content\/uploads\/2024\/08\/20240822-9354594-Expo-Banquette-capture-hd.jpg\" alt=\"Support banc mod\u00e8le Basic en ch\u00eane massif avec support acier, pour po\u00eale \u00e0 bois, finition pierre, fabrication artisanale sur mesure\" itemprop=\"image\" title=\"20240822-9354594-Expo-Banquette-capture-hd\" onerror=\"this.style.display='none'\" loading='lazy' \/>\n\t\t\t\t<\/a>\n\t\tMod\u00e8le Basic \u00e0 partir de 1290\u20ac TTC (banquette seule)\n\u00c9paisseur plateau 40mm, jambage 30mm\nDimension Largeur Hauteur Profondeur sur mesure\nMod\u00e8le pr\u00e9sent\u00e9 Largeur 140cm, Hauteur 40cm, Profondeur 50cm\nProtection en acier 1mm\n\t\t\t\t<a href=\"https:\/\/armandou.fr\/wp-content\/uploads\/2024\/08\/20240821-9354594-Expo-Banquette-capture-hd1.jpg\"  target=\"_self\" itemprop=\"url\">\n\t\t\t\t<img decoding=\"async\" src=\"https:\/\/armandou.fr\/wp-content\/uploads\/2024\/08\/20240821-9354594-Expo-Banquette-capture-hd1.jpg\" alt=\"Banquette mod\u00e8le Dobeul en bois massif avec plateau 40 mm et tube acier, support pour po\u00eale design mural\" itemprop=\"image\" title=\"Dobeul\" onerror=\"this.style.display='none'\" loading='lazy' \/>\n\t\t\t\t<\/a>\n\t\tMod\u00e8le Dobeul \u00e0 partir de 1490\u20ac TTC (banquette seule)\n\u00c9paisseur des plateaux 40mm\nDimension Largeur Hauteur Profondeur sur mesure\nSupport en acier tube rectangle\nMod\u00e8le pr\u00e9sent\u00e9 Largeur 160cm, Hauteur 40cm, Profondeur 50cm\n\t\t\t\t<a href=\"https:\/\/armandou.fr\/wp-content\/uploads\/2024\/08\/20240821-9354594-Expo-Banquette-capture-hd2.jpg\"  target=\"_self\" itemprop=\"url\">\n\t\t\t\t<img decoding=\"async\" src=\"https:\/\/armandou.fr\/wp-content\/uploads\/2024\/08\/20240821-9354594-Expo-Banquette-capture-hd2.jpg\" alt=\"Banquette support mod\u00e8le Topix en bois massif avec base en pierre, support pour po\u00eale \u00e0 granul\u00e9s et rangements int\u00e9gr\u00e9s, fabrication artisanale\" itemprop=\"image\" title=\"Topix\" onerror=\"this.style.display='none'\" loading='lazy' \/>\n\t\t\t\t<\/a>\n\t\tMod\u00e8le Topix \u00e0 partir de 1680\u20ac TTC (banquette seule)\n\u00c9paisseur plateaux 40mm\nDimension Largeur Hauteur Profondeur sur mesure\nMod\u00e8le pr\u00e9sent\u00e9 Largeur 200cm, Hauteur 35cm, Profondeur 50cm\n\t\t\t\t<a href=\"https:\/\/armandou.fr\/wp-content\/uploads\/2024\/08\/20240822-9354594-Expo-Banquette-capture-hd2.jpg\"  target=\"_self\" itemprop=\"url\">\n\t\t\t\t<img decoding=\"async\" src=\"https:\/\/armandou.fr\/wp-content\/uploads\/2024\/08\/20240822-9354594-Expo-Banquette-capture-hd2.jpg\" alt=\"Support pour po\u00eale \u00e0 bois en fr\u00eane massif et structure m\u00e9tal noir, fabrication artisanale sur mesure dans salon moderne\" itemprop=\"image\" title=\"20240822-9354594-Expo-Banquette-capture-hd(2)\" onerror=\"this.style.display='none'\" loading='lazy' \/>\n\t\t\t\t<\/a>\n\t\tMod\u00e8le Paris LR \u00e0 partir de 1680\u20ac TTC (banquette seule)\n\u00c9paisseur 70mm, pi\u00e9tement en acier largeur 40mm \u00e9p 5mm\nDimension Largeur Hauteur Profondeur sur mesure\nMod\u00e8le pr\u00e9sent\u00e9 Largeur 140cm, Hauteur 40cm, Profondeur 40cm\n\t<p><strong>Essence de bois utilis\u00e9e :<\/strong><\/p>\n<ul>\n<li>Ch\u00eane, Noyer, Fr\u00eane, Robinier, Ch\u00e2taignier, Olivier (autres essences sur demande)<\/li>\n<\/ul>\n<p><strong>\u00c9paisseur des plateaux :<\/strong><\/p>\n<ul>\n<li>Sur-mesure de 20mm \u00e0 20 cm<\/li>\n<\/ul>\n\n","protected":false},"excerpt":{"rendered":"<p>BANQUETTES ET BANCS Supports Po\u00eales et Inserts Mod\u00e8le Engrenage \u00e0 partir de 1990\u20ac TTC (banquette seule) Banquette pour appareil double face Mod\u00e8le pr\u00e9sent\u00e9 : Largeur 140cm en Ch\u00eane, Hauteur 35cm, Profondeur 60 cm Mod\u00e8le Conan \u00e0 partir de 1390\u20ac TTC (banquette seule) Dimension Largeur Hauteur Profondeur sur mesure Mod\u00e8le pr\u00e9sent\u00e9 Largeur 220cm, Hauteur30cm, Profondeur 42cm [&hellip;]<\/p>\n","protected":false},"author":1,"featured_media":0,"parent":0,"menu_order":0,"comment_status":"closed","ping_status":"closed","template":"","meta":{"site-sidebar-layout":"no-sidebar","site-content-layout":"page-builder","ast-site-content-layout":"full-width-container","site-content-style":"unboxed","site-sidebar-style":"unboxed","ast-global-header-display":"","ast-banner-title-visibility":"","ast-main-header-display":"","ast-hfb-above-header-display":"","ast-hfb-below-header-display":"","ast-hfb-mobile-header-display":"","site-post-title":"disabled","ast-breadcrumbs-content":"","ast-featured-img":"disabled","footer-sml-layout":"","theme-transparent-header-meta":"","adv-header-id-meta":"","stick-header-meta":"","header-above-stick-meta":"","header-main-stick-meta":"","header-below-stick-meta":"","astra-migrate-meta-layouts":"set","ast-page-background-enabled":"default","ast-page-background-meta":{"desktop":{"background-color":"","background-image":"","background-repeat":"repeat","background-position":"center center","background-size":"auto","background-attachment":"scroll","background-type":"","background-media":"","overlay-type":"","overlay-color":"","overlay-opacity":"","overlay-gradient":""},"tablet":{"background-color":"","background-image":"","background-repeat":"repeat","background-position":"center center","background-size":"auto","background-attachment":"scroll","background-type":"","background-media":"","overlay-type":"","overlay-color":"","overlay-opacity":"","overlay-gradient":""},"mobile":{"background-color":"","background-image":"","background-repeat":"repeat","background-position":"center center","background-size":"auto","background-attachment":"scroll","background-type":"","background-media":"","overlay-type":"","overlay-color":"","overlay-opacity":"","overlay-gradient":""}},"ast-content-background-meta":{"desktop":{"background-color":"var(--ast-global-color-5)","background-image":"","background-repeat":"repeat","background-position":"center center","background-size":"auto","background-attachment":"scroll","background-type":"","background-media":"","overlay-type":"","overlay-color":"","overlay-opacity":"","overlay-gradient":""},"tablet":{"background-color":"var(--ast-global-color-5)","background-image":"","background-repeat":"repeat","background-position":"center center","background-size":"auto","background-attachment":"scroll","background-type":"","background-media":"","overlay-type":"","overlay-color":"","overlay-opacity":"","overlay-gradient":""},"mobile":{"background-color":"var(--ast-global-color-5)","background-image":"","background-repeat":"repeat","background-position":"center center","background-size":"auto","background-attachment":"scroll","background-type":"","background-media":"","overlay-type":"","overlay-color":"","overlay-opacity":"","overlay-gradient":""}},"footnotes":""},"class_list":["post-1142","page","type-page","status-publish","hentry"],"_links":{"self":[{"href":"https:\/\/armandou.fr\/index.php\/wp-json\/wp\/v2\/pages\/1142","targetHints":{"allow":["GET"]}}],"collection":[{"href":"https:\/\/armandou.fr\/index.php\/wp-json\/wp\/v2\/pages"}],"about":[{"href":"https:\/\/armandou.fr\/index.php\/wp-json\/wp\/v2\/types\/page"}],"author":[{"embeddable":true,"href":"https:\/\/armandou.fr\/index.php\/wp-json\/wp\/v2\/users\/1"}],"replies":[{"embeddable":true,"href":"https:\/\/armandou.fr\/index.php\/wp-json\/wp\/v2\/comments?post=1142"}],"version-history":[{"count":32,"href":"https:\/\/armandou.fr\/index.php\/wp-json\/wp\/v2\/pages\/1142\/revisions"}],"predecessor-version":[{"id":2019,"href":"https:\/\/armandou.fr\/index.php\/wp-json\/wp\/v2\/pages\/1142\/revisions\/2019"}],"wp:attachment":[{"href":"https:\/\/armandou.fr\/index.php\/wp-json\/wp\/v2\/media?parent=1142"}],"curies":[{"name":"wp","href":"https:\/\/api.w.org\/{rel}","templated":true}]}}